be (-8)/(-36) - 436/18. Let k = -7 - d. Calculate the remainder when 83 is divided by k.
15
Suppose -k = -2*k - 5. Let a(c) = -2*c - 4. Let x = 17 + -1. Calculate the remainder when x is divided by a(k).
4
Let x(q) = -2*q + 22. Let l be x(-15). Suppose 0*m - l = -4*m. What is the remainder when 1*(0 - -1)*25 is divided by m?
12
Suppose -3*n + n = -76. Calculate the remainder when n is divided by 13.
12
Let x = 20 + -17. Calculate the remainder when 8 is divided by x.
2
Let x(k) = -2*k - 2. Let u be x(2). Let d be 0 + 4 + -2 - -1. What is the remainder when 25 is divided by (-3)/6*u*d?
7
Let o(v) = v**2 + 3*v - 7. What is the remainder when 20 is divided by o(-6)?
9
Let z = 45 + -58. Let w(b) = 2 + 4*b**3 - b**2 - 3*b**3 + 15*b**2 + 12*b. What is the remainder when 29 is divided by w(z)?
14
Suppose 0 = -11*h + 33 + 33. What is the remainder when 17 is divided by h?
5
Suppose 0*z = z + h - 54, 3*z = 4*h + 176. What is the remainder when z is divided by 15?
11
Suppose -2*l - 3*x + x = -46, -84 = -4*l + 4*x. What is the remainder when 86 is divided by l?
20
Let g be 4 + -3 - (-136)/1. Suppose -4*s - 13 = -g. Calculate the remainder when s is divided by 11.
9
Let q = 0 - -3. Suppose q*m - m - 6 = 0. What is the remainder when 5 is divided by m?
2
Let w = -12 - -15. Suppose -f + 5 + 5 = 0. What is the remainder when f is divided by w?
1
Suppose 10 = 5*h - 10. Suppose -2*w + 20 = 2*f, -2*w + 8 = -0*w - h*f. Calculate the remainder when ((-2)/(-4))/(2/92) is divided by w.
7
Let j = 8 - -8. Suppose d = 6*d - 235. Calculate the remainder when d is divided by j.
15
Let z = -40 + 134. Calculate the remainder when z is divided by 24.
22
Let j(c) = -c**2 + 28*c - 27. What is the remainder when j(11) is divided by 41?
37
Let q(v) = -5*v + 3. Let g be q(-4). Suppose 13 + g = 2*i. Calculate the remainder when 71 is divided by i.
17
Let p(j) = -2*j + 17. Calculate the remainder when 35 is divided by p(3).
2
Let u = 51 + -34. Suppose 14 = k - u. Calculate the remainder when k is divided by (9 - 0) + 0 + 2.
9
Suppose o - 4*o = -9. Suppose w - 5*i + i = 33, -i + 47 = o*w. What is the remainder when 50 is divided by w?
16
Let z = -53 - -74. Calculate the remainder when 41 is divided by z.
20
Let b(x) = 1. Let f(z) = -8*z - 12. Let m(y) = 22*b(y) + 2*f(y). Calculate the remainder when m(-5) is divided by 20.
18
Suppose s - 5*s - 5*z + 10 = 0, 3*s - 19 = 2*z. Calculate the remainder when 9 is divided by s.
4
Suppose 2*d + 50 = 7*d. What is the remainder when 54 is divided by d?
4
Suppose -4*q + 0*r = -3*r - 91, 4*r + 114 = 5*q. Let c(k) = -k**2 + 2*k - 4. Let t be c(4). Let x = q + t. What is the remainder when x is divided by 4?
2
Let u(z) = z + 8. Let t be u(-7). Let f(q) = 10*q**2 - 1. Calculate the remainder when 16 is divided by f(t).
7
Suppose c = 5*c - 200. What is the remainder when c is divided by 13?
11
Suppose 4*f - f = 21. Calculate the remainder when f is divided by (-8)/12*18/(-4).
1
Let b be 6 - 3 - 2 - -1. Suppose -m = -8 - 3. Calculate the remainder when m is divided by 1 + (-1)/b*-10.
5
Suppose 5 = -3*p + 14. What is the remainder when (232/6)/(2/p) is divided by 8*2 - (-2)/(-2)?
13
Suppose 15 = 2*j + 5*q, 4*q + 6 = j + 6*q. Suppose -5*x = -25, -h - 2 + j = -4*x. Calculate the remainder when h is divided by 5.
3
Let b be (-8)/(1/(-2) + 0). Let q be 4/(-22) - 2/(-11). Suppose -j = -q*j - b. What is the remainder when j is divided by 6?
4
Suppose -41 = -0*m - m. What is the remainder when m is divided by 11?
8
Let h be 4/2 + 3 + -1. What is the remainder when (-2)/h*0 + 2 is divided by 2?
0
Let c(l) = 17*l**2 + 3*l - 3. What is the remainder when 116 is divided by c(1)?
14
Let m be -2 - 6/(-8)*-4. Calculate the remainder when (-2)/m + 1368/30 is divided by 16.
14
Let x be (-2 - (0 + -2))*-1. Let c(h) = h + 3. Calculate the remainder when c(x) is divided by (-2)/((-4 - 0) + 3).
1
Let b = -210 - -358. Calculate the remainder when b is divided by 50.
48
Let z(f) = -6*f - 1. Let x be z(-1). Let p = 9 - x. Calculate the remainder when 9 is divided by p.
1
Let v be 2/4 + (-26)/4. Calculate the remainder when 41 - (-4 - (0 - 2)) is divided by (-4)/6 - 94/v.
13
Let o be ((-9)/6)/1*-2. Let h = o - -6. What is the remainder when 17 is divided by h?
8
Suppose 39 = 3*v - 3*y, 40 = 2*v + 2*y + 6. Calculate the remainder when 42 is divided by v.
12
Suppose 0 = -3*q - 2*q + 20. Calculate the remainder when 14 is divided by q.
2
Let r(c) = c**2 - c + 20. Let q be r(0). Suppose -2*z + q = 2*k, -2*z = 3*z - k - 26. Calculate the remainder when 16 is divided by z.
4
Let y(n) = -n**2 - 4*n + 1. Calculate the remainder when 3 is divided by y(-4).
0
Let w be 1 + 1 + (-2 - -7). Suppose 4*c - n = w, -3*c + 2*n + 3*n = -18. What is the remainder when 3 - (4 + 2/(-1)) is divided by c?
0
Let w(b) = b**2 + 2*b - 8. Let k be w(-4). Calculate the remainder when 41 is divided by 19 - ((0 - 3) + k).
19
Suppose 3*o + c = -2*c + 3, 2*o + 3*c = 1. Suppose o*f - 40 = -3*f. What is the remainder when 31 is divided by f?
7
Suppose 5*k - 3*k = 4. What is the remainder when k is divided by -1 + (2 + 1 - 1)?
0
Suppose -k = -2*o - 33, 5*o = -0*k + 4*k - 135. What is the remainder when k is divided by 34/2 + (-1)/(-1)?
17
What is the remainder when (-148)/(-2) + (8 - 5) is divided by 26?
25
Let s = 264 + -117. What is the remainder when s is divided by 37?
36
Let d(h) = 2*h - 10. Let o(n) = n**2 + 3*n + 1. Let f be o(-5). Calculate the remainder when d(f) is divided by 7.
5
Let b = 4 - 4. Suppose 3*a - 61 - 89 = b. Let p = -23 + a. Calculate the remainder when p is divided by 7.
6
Let d(o) = 12*o + 1. Suppose 3*n = 2*s - 7, -5*s - n + 13 - 4 = 0. What is the remainder when 98 is divided by d(s)?
23
Let y = -3 - 13. What is the remainder when (-3)/12 + (-420)/y is divided by 14?
12
Let a(v) = 11*v**2 - 2*v. Let o be a(-2). Suppose 2*l = -2*f + 32, 3*f + l + 3*l = o. What is the remainder when 30 is divided by f?
14
Let j = 278 - 187. Let u(t) = 8*t + 7. Let y be u(-9). Let n = j + y. Calculate the remainder when n is divided by 9.
8
Suppose 2*p = -3*p + 35. What is the remainder when 18 is divided by (p/(-2))/((-7)/14)?
4
Suppose -14 = g - 2*g. Suppose 3*l = b + 72, 5*b + 6 = l - 4. Calculate the remainder when l is divided by g.
11
Let w = -165 - -171. Calculate the remainder when 9 is divided by w.
3
Let h be 36/9*(-6)/(-4). What is the remainder when 34 is divided by 0 + h/3*6?
10
Suppose -3*b - 4 = -13. Suppose 0 = 2*w + b*n + 3, -5*w - 4*n + 1 = -4*w. Calculate the remainder when 10 is divided by (-18)/(-4)*(-4)/w.
4
Suppose 41 = o + 4*f, 5*o - 4*f = 2*o + 43. Calculate the remainder when 38 is divided by o.
17
Let f be 10/(-2)*20/(-25). Let x(t) = -t**3 + 6*t**2 + 9*t - 7. Calculate the remainder when ((-52)/6)/(f/(-6)) is divided by x(7).
6
Let q(k) = -6*k - 5*k - 11*k. Calculate the remainder when q(-1) is divided by 7*(1 + 0) - -1.
6
Let g = -129 - -494. Suppose -20 = 5*d, -5*q + g = 3*d - 128. Calculate the remainder when q is divided by 34.
33
Let x = 2 + -4. Calculate the remainder when ((-149)/(-4) - -1) + (-27)/(-36) is divided by (28/3)/x*-3.
11
Let s(l) = -l**3 + 9*l**2 - l + 16. Let y(r) = r**3 - 5*r**2 + 2*r + 3. Calculate the remainder when y(5) is divided by s(9).
6
Let x(c) = -c**2 + 19*c - 32. What is the remainder when x(15) is divided by 15?
13
Suppose -5*x + 0*x - 4*m + 93 = 0, -4*x = 2*m - 72. Suppose a - x = 4. Calculate the remainder when 40 is divided by a.
19
Let x = -9 + 20. Calculate the remainder when 20 is divided by x.
9
Let r(h) = h**2 - 8*h + 9. Let n be 2/(-3)*45/(-6). Let c(p) = -p + 12. Let x be c(n). Calculate the remainder when r(x) is divided by 1.
0
Suppose -2*a = 2*a - c - 9, 6 = 5*a + 4*c. Let r = 10 - 4. What is the remainder when r is divided by a?
0
Let o be 78/30 - (-4)/10. Let f = -6 - -8. Suppose 0 = o*j - f*j - 9. What is the remainder when 25 is divided by j?
7
Let n = 8 - -16. Calculate the remainder when n is divided by ((1 - -3) + -5)*-9.
6
Suppose 4*r - 19 = -v, -3*r + 0*r = -4*v. Suppose -q = -5*q + 32. Calculate the remainder when q is divided by v.
2
Let u(d) = -d**3 + 7*d**2 + 12. What is the remainder when 22 is divided by u(7)?
10
Let u(x) = -x**3 - 5*x**2 - 2*x - 5. Suppose 4*y + 0*y + 6 = -3*b, 8 = -4*y - 4*b. Suppose -w = -